on factor of q and 10?
5
Suppose -9 = -2*t - 3*t + r, -t + 4 = 2*r. Suppose 3*j + 5*j - 24 = 0. Suppose t*x + j = 21. What is the greatest common factor of x and 45?
9
Let f be (-16)/(-60)*24 + 3/5. What is the greatest common factor of f and 2?
1
Suppose 5*s + s = 384. What is the highest common divisor of s and 16?
16
Let h be ((-1)/(-2))/((-10)/(-200)). Suppose -3*c + 1 - 2 = -2*k, k = 3*c - 1. Calculate the highest common factor of k and h.
2
Suppose -2*w = 3 - 7. Suppose -v = w*n - 6, -v - 2 = n - 7. Calculate the highest common factor of 28 and v.
4
Let y = -16 + 21. What is the greatest common divisor of 20 and y?
5
Let z be (-1064)/(-5) + 8/40. Let a be z + 2/4*6. What is the greatest common factor of a and 27?
27
Let p be (-640)/(-304) + (-2)/19. Let o = 55 + -39. Calculate the greatest common factor of o and p.
2
Let x = -7 - -10. Suppose -5*h + 5*o + 89 = 9, -55 = -x*h - 4*o. What is the highest common factor of 17 and h?
17
Suppose -13 = 4*r - 101. Suppose -323 = -11*l + 40. Calculate the greatest common divisor of r and l.
11
Let o = -8 + 9. What is the highest common factor of 3 and o?
1
Let r(t) = t + 2. Let j be r(0). Suppose j*y - 144 - 76 = 0. What is the highest common divisor of y and 44?
22
Let m be (0 - (-66)/(-10))*105/(-7). Calculate the greatest common factor of 11 and m.
11
Suppose 283 = 4*u + 111. Suppose -5*q + 42 + u = 0. Suppose -7*p + 544 = -3*p. What is the highest common divisor of p and q?
17
Suppose 0 = -4*j - 0*j + 180. Suppose 32 = 3*v + y, -4*v + 0*y - 3*y + 51 = 0. Calculate the highest common divisor of j and v.
9
Suppose 0 = -4*t + 23 + 9. Suppose z - 4 = t. Let l(x) = -x**2 - 4*x. Let b be l(-2). Calculate the highest common factor of b and z.
4
Let z = -24 - -13. Let r be (2 + z)*(-3)/9. Suppose 2*q = r - 1. Calculate the greatest common divisor of q and 1.
1
Let h be (0 + -2)/2 + 3. Let y(a) = -14*a. Let d(i) = -2*i + 1. Let z be d(1). Let s be y(z). Calculate the highest common divisor of h and s.
2
Let u(p) be the third derivative of p**6/120 + p**5/30 + p**4/24 + 5*p**3/6 + 3*p**2. Let w be u(4). Calculate the highest common factor of 42 and w.
21
Let y(g) = 19*g**3 - 3*g - 1. Let x(o) = 56*o**3 - 8*o - 3. Let i(p) = -3*x(p) + 8*y(p). Let d be i(-1). Calculate the highest common divisor of 187 and d.
17
Let h be 3/(-2)*(-8)/(-6). Let f = h - -5. Calculate the highest common divisor of 27 and f.
3
Suppose -303 = -2*w + 5*b - 94, -2*b = 5*w - 566. Calculate the greatest common factor of w and 14.
14
Suppose 5*q = 10, 5*p + 2*q = 6*q + 17. Let n be 3*(-3)/(-9)*5. Suppose 5*c - l - 191 = 2*l, -n*l = c - 55. What is the highest common factor of p and c?
5
Let o(p) = 4 - 5 + 7*p - 1. Let n be o(2). Suppose 63 = 2*k - 3*y, 46 = 2*k - y - 23. Calculate the greatest common divisor of k and n.
12
Let i be 0/(0 + 3) + 8 + 1. Let j be 1*9/2*14. What is the highest common factor of i and j?
9
Suppose 85*h - 88*h = -63. Calculate the greatest common divisor of 14 and h.
7
Let b(r) = r**2 - 2*r + 7. Suppose -5*i + 33 = 2*u, -26 = -5*i + u - 5. Let k be b(i). What is the greatest common factor of 88 and k?
22
Let s(h) = -220*h**2 + 2*h - 1. Let f be s(1). Let w = f + 309. What is the highest common factor of 10 and w?
10
Let d be 30/4*(-64)/(-20). Calculate the highest common divisor of 16 and d.
8
Let a(j) = -j. Let n(b) = -5*b + 7. Let y(g) = 4*a(g) - n(g). Let i be y(13). What is the highest common factor of i and 4?
2
Let g be (-15)/(-6) + (-1)/2. Let t be 19 + 5/(-1) + g. Calculate the greatest common factor of t and 32.
16
Let w be (-3 - 7)*6/(-4). Suppose 1 + w = o. What is the highest common divisor of 16 and o?
16
Let s(c) = -c**2 + c + 63. Suppose -4*x + z - 3 = 0, 4*x + x - 9 = -3*z. Let u be s(x). What is the highest common factor of u and 7?
7
Let r(a) = -a + 1. Let t be r(0). Calculate the highest common divisor of t and 3.
1
Let c(z) = z**3 - 4*z**2 + 3*z - 1. Let m be c(3). Let o be -1 + 6 + m + -1. What is the greatest common divisor of o and 6?
3
Let z be (-4)/(-8) + 47/2. Let f be 0 - 0 - 1 - -3. Suppose -3*x + 80 = f*x. What is the highest common factor of z and x?
8
Let i = 54 - 32. Calculate the highest common factor of 242 and i.
22
Let u be 3*10 - (-4 - -2). Suppose 20 + 2 = 3*a + t, 0 = -5*a + 5*t + 50. Calculate the highest common divisor of a and u.
8
Let n be -2 + -2 - 118/(-2). Let f be 1/(-2*1/(-10)). Suppose 0 = -f*r - 4 + 29. What is the greatest common divisor of r and n?
5
Suppose 0 = -2*q + 5*q - 195. Calculate the highest common factor of 26 and q.
13
Let z be (0 - 3) + 2 + 71. What is the greatest common divisor of z and 20?
10
Suppose 2*w + 18 = -y, y - 5*w = -y - 63. Let v be 4 - (-11)/((-22)/y). What is the greatest common divisor of 16 and v?
16
Let c be ((-30)/(-2))/((-15)/(-10)). Suppose -20 = -5*y + c. Calculate the highest common divisor of 6 and y.
6
Suppose -2*f - z + 10 = 0, -7*z - 22 = -2*f - 2*z. Let g = f - 8. Let l = 3 + g. Calculate the highest common divisor of 5 and l.
1
Suppose u = 4*u - 12. What is the greatest common divisor of 6 and u?
2
Suppose -4*k = 3*l - 23, k = 3*l - 4*l + 6. Let t(b) = -b + 4. Let g be t(4). Suppose g*a + 8 = 4*a. What is the highest common divisor of a and k?
1
Let o = 19 + -5. Suppose 190 = 4*s - 90. Calculate the highest common divisor of o and s.
14
Let f(t) = t**2 + 11*t + 38. Let n be f(-10). What is the highest common factor of 56 and n?
28
Suppose 0*j = -4*l - 2*j - 254, -2*l = 3*j + 129. Let a = l + 99. Let d be (6/(-5))/(1/(-5)). What is the highest common factor of d and a?
6
Let p = 0 - -11. Calculate the highest common factor of p and 55.
11
Suppose 4*f + 4*i - 12 = 0, 0 = -f - 4*f - i + 15. Suppose -c = f*c. Let s = 18 + c. What is the highest common factor of s and 36?
18
Let f(g) = g**2 - 6*g + 6. Let d be f(3). Let h be ((-25)/15)/(d/9). Let s be (13 + 1 - -1)*1. Calculate the greatest common divisor of h and s.
5
Suppose 3*b = -4 + 25. What is the greatest common divisor of 1 and b?
1
Let h(m) = -2*m - 1. Let p be h(-4). Let d(y) = 7*y - 13. Let x be d(p). What is the highest common factor of x and 4?
4
Let u(t) = t**3 + 7*t**2 + 9*t + 3. Let x be u(-5). What is the highest common divisor of 20 and x?
4
Let s be (0 + 1)/(1/12). Suppose 4*g + 62 = 2*t, -4*g + s = -8. Suppose -101 + t = -4*w. Calculate the highest common divisor of w and 3.
3
Suppose 0*v = -4*v. Let i = 1 - v. Let c(w) = -w**3 - 11*w**2 - 12*w - 13. Let l be c(-10). Calculate the highest common factor of l and i.
1
Suppose -3 = -i - 1. Let q be i/(640/(-324) + 2). What is the highest common divisor of q and 9?
9
Let v(i) = -i**2 + 5*i + 6. Suppose -2*h + 3 = -7. Let y be v(h). Calculate the highest common factor of y and 9.
3
Suppose 0 = -16*o + 459 + 421. What is the greatest common divisor of o and 5?
5
Let l = 1 + -4. Let m = l + 5. Suppose -m*a = -2*h + 10, h + 10 = -0*h + 4*a. Calculate the greatest common divisor of 25 and h.
5
Let p(o) = o**3 - o**2 + 4*o. Let j = 2 + -5. Let t be p(j). Let v = 93 + t. Calculate the highest common factor of 18 and v.
9
Suppose 4*h + 15 = 47. Let j(q) = q**3 + 3*q**2 - 5*q + 4. Let v be j(-4). What is the greatest common divisor of h and v?
8
Let v be ((-3108)/(-8))/7 + (-1)/2. What is the highest common divisor of 5 and v?
5
Let k be -5*(-1 + 6/10). Suppose -v - 2*s = 0, -2*s + 14 = 3*v - 3*s. Let y = v + k. Calculate the greatest common divisor of y and 24.
6
Let d(u) = u**2 + 7*u - 8. Let i be d(-8). Suppose 3*y + 3*l - 702 = i, -3*y + 3*l = -7*y + 933. Calculate the highest common divisor of y and 21.
21
Suppose g + 8 = -5*v + 26, 0 = 5*g + v - 90. Let f = g - -16. What is the highest common divisor of f and 51?
17
Suppose -5*y + 2 = -8. Suppose -y = 2*z - 32. Calculate the highest common factor of 75 and z.
15
Let t(w) = w**2 + 5*w - 4. Let r be t(-6). Let k(c) = c + 8. Let l be k(0). Calculate the greatest common divisor of l and r.
2
Let n(b) = -b - 5. Let t be n(-5). Let f(r) = -r**3 + 2. Let m be f(t). Suppose -p - 8 = -q, -7 = 2*q - q + 4*p. What is the highest common divisor of m and q?
1
Let l be (2 - 1) + (-13)/1. Let z(v) = -2*v - 16. Let j be z(l). What is the greatest common factor of 2 and j?
2
Let s = 9 + 8. Calculate the greatest common divisor of s and 170.
17
Let n(i) = 4*i - 13. Let z